{"id":76,"date":"2013-11-03T04:01:15","date_gmt":"2013-11-03T04:01:15","guid":{"rendered":"http:\/\/megafly.com.br\/?page_id=76"},"modified":"2025-04-14T20:25:11","modified_gmt":"2025-04-14T23:25:11","slug":"sobre","status":"publish","type":"page","link":"https:\/\/megafly.com.br\/","title":{"rendered":"Bem-vindo!"},"content":{"rendered":"<p><a href=\"http:\/\/megafly.com.br\/wp-content\/uploads\/sites\/17\/2013\/11\/01_Home-Page_02_Glauco-Cavalcanti1.jpg\"><img decoding=\"async\" class=\" wp-image-272 alignleft\" src=\"http:\/\/megafly.com.br\/wp-content\/uploads\/sites\/17\/2013\/11\/01_Home-Page_02_Glauco-Cavalcanti1.jpg\" alt=\"Glauco Cavalcanti\" width=\"300\" \/><\/a><\/p>\n<p>Acelerar uma asa delta e sentir o vento no rosto \u00e9 uma das sensa\u00e7\u00f5es mais fant\u00e1sticas do mundo. Melhor ainda quando ficamos horas voando percorrendo longas dist\u00e2ncias. De nuvem em nuvem o solo passa enquanto o tempo voa. Quando pousamos depois de muitos quil\u00f4metros voados o corpo cansado \u00e9 algo irrelevante quando comparado ao sorriso farto no rosto e a sensa\u00e7\u00e3o de miss\u00e3o cumprida.<\/p>\n<p>A modalidade\u00a0<strong>Cross Country<\/strong>\u00a0\u00e9 o que me encanta:\u00a0decolar de uma rampa e percorrer a maior dist\u00e2ncia poss\u00edvel em voo planado de asa delta. Este site \u00e9 dedicado aos\u00a0<strong>Mega Voos<\/strong>. Aos voos longos que exigem do piloto concentra\u00e7\u00e3o, determina\u00e7\u00e3o e uma boa dose de esfor\u00e7o.<\/p>\n<p><strong>Seja bem vindo ao site Megafly! Voc\u00ea encontrar\u00e1 v\u00eddeos, fotos, recordes e muitos MEGA VOOS! Divirta-se!<\/strong><\/p>\n<p><strong>Contato:\u00a0<\/strong>Glauco Cavalcanti \u2013 21 99887-6084 \/\u00a0<a href=\"mailto:glauco@gc5.com.br\">glauco@gc5.com.br<\/a><\/p>\n<p><iframe loading=\"lazy\" src=\"\/\/www.youtube.com\/embed\/wCIKeCoLaS0\" width=\"920\" height=\"543\" frameborder=\"0\" allowfullscreen=\"allowfullscreen\"><\/iframe><\/p>\n","protected":false},"excerpt":{"rendered":"<p>Acelerar uma asa delta e sentir o vento no rosto \u00e9 uma das sensa\u00e7\u00f5es mais fant\u00e1sticas do mundo. Melhor ainda quando ficamos horas voando percorrendo longas dist\u00e2ncias. De nuvem em nuvem o solo passa enquanto o tempo voa. Quando pousamos depois de muitos quil\u00f4metros voados o corpo cansado \u00e9 algo irrelevante quando comparado ao sorriso [&hellip;]<\/p>\n","protected":false},"author":1,"featured_media":318,"parent":0,"menu_order":0,"comment_status":"closed","ping_status":"open","template":"page_f.php","meta":{"footnotes":""},"class_list":["post-76","page","type-page","status-publish","has-post-thumbnail","hentry"],"yoast_head":"<!-- This site is optimized with the Yoast SEO plugin v26.1.1 - https:\/\/yoast.com\/wordpress\/plugins\/seo\/ -->\n<title>Bem-vindo! - Megafly - Voos Longos - Cross Country<\/title>\n<meta name=\"robots\" content=\"index, follow, max-snippet:-1, max-image-preview:large, max-video-preview:-1\" \/>\n<link rel=\"canonical\" href=\"https:\/\/www.megafly.com.br\/\" \/>\n<meta property=\"og:locale\" content=\"pt_BR\" \/>\n<meta property=\"og:type\" content=\"article\" \/>\n<meta property=\"og:title\" content=\"Bem-vindo! - Megafly - Voos Longos - Cross Country\" \/>\n<meta property=\"og:description\" content=\"Acelerar uma asa delta e sentir o vento no rosto \u00e9 uma das sensa\u00e7\u00f5es mais fant\u00e1sticas do mundo. Melhor ainda quando ficamos horas voando percorrendo longas dist\u00e2ncias. De nuvem em nuvem o solo passa enquanto o tempo voa. Quando pousamos depois de muitos quil\u00f4metros voados o corpo cansado \u00e9 algo irrelevante quando comparado ao sorriso [&hellip;]\" \/>\n<meta property=\"og:url\" content=\"https:\/\/www.megafly.com.br\/\" \/>\n<meta property=\"og:site_name\" content=\"Megafly - Voos Longos - Cross Country\" \/>\n<meta property=\"article:modified_time\" content=\"2025-04-14T23:25:11+00:00\" \/>\n<meta property=\"og:image\" content=\"https:\/\/www.megafly.com.br\/wp-content\/uploads\/sites\/17\/2013\/11\/Alta_Glauco_HOME-PAGE.jpg\" \/>\n\t<meta property=\"og:image:width\" content=\"1920\" \/>\n\t<meta property=\"og:image:height\" content=\"1440\" \/>\n\t<meta property=\"og:image:type\" content=\"image\/jpeg\" \/>\n<meta name=\"twitter:card\" content=\"summary_large_image\" \/>\n<meta name=\"twitter:label1\" content=\"Est. tempo de leitura\" \/>\n\t<meta name=\"twitter:data1\" content=\"1 minuto\" \/>\n<script type=\"application\/ld+json\" class=\"yoast-schema-graph\">{\"@context\":\"https:\/\/schema.org\",\"@graph\":[{\"@type\":\"WebPage\",\"@id\":\"https:\/\/www.megafly.com.br\/\",\"url\":\"https:\/\/www.megafly.com.br\/\",\"name\":\"Bem-vindo! - Megafly - Voos Longos - Cross Country\",\"isPartOf\":{\"@id\":\"https:\/\/www.megafly.com.br\/#website\"},\"primaryImageOfPage\":{\"@id\":\"https:\/\/www.megafly.com.br\/#primaryimage\"},\"image\":{\"@id\":\"https:\/\/www.megafly.com.br\/#primaryimage\"},\"thumbnailUrl\":\"https:\/\/megafly.com.br\/wp-content\/uploads\/sites\/17\/2013\/11\/Alta_Glauco_HOME-PAGE.jpg\",\"datePublished\":\"2013-11-03T04:01:15+00:00\",\"dateModified\":\"2025-04-14T23:25:11+00:00\",\"breadcrumb\":{\"@id\":\"https:\/\/www.megafly.com.br\/#breadcrumb\"},\"inLanguage\":\"pt-BR\",\"potentialAction\":[{\"@type\":\"ReadAction\",\"target\":[\"https:\/\/www.megafly.com.br\/\"]}]},{\"@type\":\"ImageObject\",\"inLanguage\":\"pt-BR\",\"@id\":\"https:\/\/www.megafly.com.br\/#primaryimage\",\"url\":\"https:\/\/megafly.com.br\/wp-content\/uploads\/sites\/17\/2013\/11\/Alta_Glauco_HOME-PAGE.jpg\",\"contentUrl\":\"https:\/\/megafly.com.br\/wp-content\/uploads\/sites\/17\/2013\/11\/Alta_Glauco_HOME-PAGE.jpg\",\"width\":1920,\"height\":1440},{\"@type\":\"BreadcrumbList\",\"@id\":\"https:\/\/www.megafly.com.br\/#breadcrumb\",\"itemListElement\":[{\"@type\":\"ListItem\",\"position\":1,\"name\":\"Home\",\"item\":\"https:\/\/www.megafly.com.br\/\"},{\"@type\":\"ListItem\",\"position\":2,\"name\":\"Bem-vindo!\"}]},{\"@type\":\"WebSite\",\"@id\":\"https:\/\/www.megafly.com.br\/#website\",\"url\":\"https:\/\/www.megafly.com.br\/\",\"name\":\"Megafly - Voos Longos - Cross Country\",\"description\":\"\",\"potentialAction\":[{\"@type\":\"SearchAction\",\"target\":{\"@type\":\"EntryPoint\",\"urlTemplate\":\"https:\/\/www.megafly.com.br\/?s={search_term_string}\"},\"query-input\":{\"@type\":\"PropertyValueSpecification\",\"valueRequired\":true,\"valueName\":\"search_term_string\"}}],\"inLanguage\":\"pt-BR\"}]}<\/script>\n<!-- \/ Yoast SEO plugin. -->","yoast_head_json":{"title":"Bem-vindo! - Megafly - Voos Longos - Cross Country","robots":{"index":"index","follow":"follow","max-snippet":"max-snippet:-1","max-image-preview":"max-image-preview:large","max-video-preview":"max-video-preview:-1"},"canonical":"https:\/\/www.megafly.com.br\/","og_locale":"pt_BR","og_type":"article","og_title":"Bem-vindo! - Megafly - Voos Longos - Cross Country","og_description":"Acelerar uma asa delta e sentir o vento no rosto \u00e9 uma das sensa\u00e7\u00f5es mais fant\u00e1sticas do mundo. Melhor ainda quando ficamos horas voando percorrendo longas dist\u00e2ncias. De nuvem em nuvem o solo passa enquanto o tempo voa. Quando pousamos depois de muitos quil\u00f4metros voados o corpo cansado \u00e9 algo irrelevante quando comparado ao sorriso [&hellip;]","og_url":"https:\/\/www.megafly.com.br\/","og_site_name":"Megafly - Voos Longos - Cross Country","article_modified_time":"2025-04-14T23:25:11+00:00","og_image":[{"width":1920,"height":1440,"url":"https:\/\/www.megafly.com.br\/wp-content\/uploads\/sites\/17\/2013\/11\/Alta_Glauco_HOME-PAGE.jpg","type":"image\/jpeg"}],"twitter_card":"summary_large_image","twitter_misc":{"Est. tempo de leitura":"1 minuto"},"schema":{"@context":"https:\/\/schema.org","@graph":[{"@type":"WebPage","@id":"https:\/\/www.megafly.com.br\/","url":"https:\/\/www.megafly.com.br\/","name":"Bem-vindo! - Megafly - Voos Longos - Cross Country","isPartOf":{"@id":"https:\/\/www.megafly.com.br\/#website"},"primaryImageOfPage":{"@id":"https:\/\/www.megafly.com.br\/#primaryimage"},"image":{"@id":"https:\/\/www.megafly.com.br\/#primaryimage"},"thumbnailUrl":"https:\/\/megafly.com.br\/wp-content\/uploads\/sites\/17\/2013\/11\/Alta_Glauco_HOME-PAGE.jpg","datePublished":"2013-11-03T04:01:15+00:00","dateModified":"2025-04-14T23:25:11+00:00","breadcrumb":{"@id":"https:\/\/www.megafly.com.br\/#breadcrumb"},"inLanguage":"pt-BR","potentialAction":[{"@type":"ReadAction","target":["https:\/\/www.megafly.com.br\/"]}]},{"@type":"ImageObject","inLanguage":"pt-BR","@id":"https:\/\/www.megafly.com.br\/#primaryimage","url":"https:\/\/megafly.com.br\/wp-content\/uploads\/sites\/17\/2013\/11\/Alta_Glauco_HOME-PAGE.jpg","contentUrl":"https:\/\/megafly.com.br\/wp-content\/uploads\/sites\/17\/2013\/11\/Alta_Glauco_HOME-PAGE.jpg","width":1920,"height":1440},{"@type":"BreadcrumbList","@id":"https:\/\/www.megafly.com.br\/#breadcrumb","itemListElement":[{"@type":"ListItem","position":1,"name":"Home","item":"https:\/\/www.megafly.com.br\/"},{"@type":"ListItem","position":2,"name":"Bem-vindo!"}]},{"@type":"WebSite","@id":"https:\/\/www.megafly.com.br\/#website","url":"https:\/\/www.megafly.com.br\/","name":"Megafly - Voos Longos - Cross Country","description":"","potentialAction":[{"@type":"SearchAction","target":{"@type":"EntryPoint","urlTemplate":"https:\/\/www.megafly.com.br\/?s={search_term_string}"},"query-input":{"@type":"PropertyValueSpecification","valueRequired":true,"valueName":"search_term_string"}}],"inLanguage":"pt-BR"}]}},"_links":{"self":[{"href":"https:\/\/megafly.com.br\/index.php?rest_route=\/wp\/v2\/pages\/76","targetHints":{"allow":["GET"]}}],"collection":[{"href":"https:\/\/megafly.com.br\/index.php?rest_route=\/wp\/v2\/pages"}],"about":[{"href":"https:\/\/megafly.com.br\/index.php?rest_route=\/wp\/v2\/types\/page"}],"author":[{"embeddable":true,"href":"https:\/\/megafly.com.br\/index.php?rest_route=\/wp\/v2\/users\/1"}],"replies":[{"embeddable":true,"href":"https:\/\/megafly.com.br\/index.php?rest_route=%2Fwp%2Fv2%2Fcomments&post=76"}],"version-history":[{"count":1,"href":"https:\/\/megafly.com.br\/index.php?rest_route=\/wp\/v2\/pages\/76\/revisions"}],"predecessor-version":[{"id":376,"href":"https:\/\/megafly.com.br\/index.php?rest_route=\/wp\/v2\/pages\/76\/revisions\/376"}],"wp:featuredmedia":[{"embeddable":true,"href":"https:\/\/megafly.com.br\/index.php?rest_route=\/wp\/v2\/media\/318"}],"wp:attachment":[{"href":"https:\/\/megafly.com.br\/index.php?rest_route=%2Fwp%2Fv2%2Fmedia&parent=76"}],"curies":[{"name":"wp","href":"https:\/\/api.w.org\/{rel}","templated":true}]}}